{"id":1100,"date":"2024-12-31T04:33:07","date_gmt":"2024-12-31T04:33:07","guid":{"rendered":"https:\/\/hoavietco.net\/?post_type=product&#038;p=1100"},"modified":"2025-01-06T01:51:21","modified_gmt":"2025-01-06T01:51:21","slug":"vong-doi-tram-huong-108-hat","status":"publish","type":"product","link":"https:\/\/mauwebsite.tamnguyen.vn\/hoaviet\/vong-doi-tram-huong-108-hat\/","title":{"rendered":"V\u00f2ng \u0111\u00f4i tr\u1ea7m h\u01b0\u01a1ng 108 h\u1ea1t"},"content":{"rendered":"<h2>V\u00f2ng \u0111\u00f4i tr\u1ea7m h\u01b0\u01a1ng 108 h\u1ea1t<\/h2>\n<p>&#8220;<a href=\"https:\/\/hoavietco.net\/vong-doi-tram-huong-108-hat\/\" target=\"_blank\" rel=\"noopener\">\u0110eo Tr\u1ea7m<\/a> c\u0169ng ph\u1ea3i c\u00f3 \u0111\u00f4i Quanh n\u0103m qu\u1ea5n qu\u00fdt nh\u01b0 t\u00f4i v\u1edbi n\u00e0ng!&#8221; B\u1ea1n \u0111\u00e3 bao gi\u1edd nghe \u0111\u1ebfn hi\u1ec7n t\u01b0\u1ee3ng &#8221; K\u1ebft duy\u00ean Tr\u1ea7m&#8221; ch\u01b0a? K\u1ebft duy\u00ean Tr\u1ea7m l\u00e0 s\u1ef1 h\u00f2a h\u1ee3p gi\u1eef ch\u1ee7 th\u1ec3 v\u00e0 V\u00f2ng Tr\u1ea7m sau khi \u0111eo m\u1ed9t th\u1eddi gian nh\u1ea5t \u0111\u1ecbnh, v\u00f2ng s\u1ebd ng\u00e0y c\u00e0ng b\u00f3ng \u0111\u1eb9p, &#8221; l\u00ean n\u01b0\u1edbc&#8221; v\u00e0 h\u01b0\u01a1ng th\u01a1m c\u00e0ng h\u00f2a quy\u1ec7n v\u1ea5n v\u01b0\u01a1ng v\u1edbi ch\u1ee7 th\u1ec3. D\u00e2n gian g\u1ecdi \u0111\u00e2y l\u00e0 hi\u1ec7n t\u01b0\u1ee3ng &#8221; K\u1ebft duy\u00ean Tr\u1ea7m&#8221;, sinh ra khi th\u1ec3 kh\u00ed gi\u1eefa ng\u01b0\u1eddi v\u00e0 g\u1ed7 t\u01b0\u01a1ng h\u1ee3p v\u1edbi nhau t\u1ea1o n\u00ean c\u00e2y c\u1ea7u t\u00e2m giao, nh\u01b0 hai nh\u00e2n v\u1eadt ch\u00ednh trong c\u00e2u chuy\u1ec7n tri k\u1ef7 \u0111\u1eb9p nh\u1ea5t th\u1ebf gian. Tuy nhi\u00ean, hi\u1ec7n t\u01b0\u1ee3ng K\u1ebft duy\u00ean Tr\u1ea7m kh\u00f4ng ph\u1ea3i c\u00f3 \u1edf t\u1ea5t c\u1ea3 c\u00e1c v\u00f2ng tay Tr\u1ea7m h\u01b0\u01a1ng m\u00e0 ch\u1ec9 x\u1ea3y ra \u0111\u1ed1i v\u1edbi nh\u1eefng v\u00f2ng Tr\u1ea7m \u0111\u01b0\u1ee3c ch\u1ebf t\u00e1c t\u1eeb Tr\u1ea7m h\u01b0\u01a1ng t\u1ef1 nhi\u00ean. V\u00f2ng Tr\u1ea7m 6 ly, 8 ly ch\u1ea5t li\u1ec7u: banh \u0111\u1ecf cam m\u00f9i th\u01a1m d\u1ecbu, ng\u1ecdt, thanh<\/p>\n<p><img loading=\"lazy\" decoding=\"async\" class=\"alignnone size-full wp-image-1101\" src=\"https:\/\/hoavietco.net\/wp-content\/uploads\/2024\/12\/vong-doi-tram-huong-108-hat.png\" alt=\"\" width=\"768\" height=\"1024\" srcset=\"https:\/\/mauwebsite.tamnguyen.vn\/hoaviet\/wp-content\/uploads\/2024\/12\/vong-doi-tram-huong-108-hat.png 768w, https:\/\/mauwebsite.tamnguyen.vn\/hoaviet\/wp-content\/uploads\/2024\/12\/vong-doi-tram-huong-108-hat-500x667.png 500w, https:\/\/mauwebsite.tamnguyen.vn\/hoaviet\/wp-content\/uploads\/2024\/12\/vong-doi-tram-huong-108-hat-225x300.png 225w\" sizes=\"auto, (max-width: 768px) 100vw, 768px\" \/> <img loading=\"lazy\" decoding=\"async\" class=\"alignnone size-full wp-image-1102\" src=\"https:\/\/hoavietco.net\/wp-content\/uploads\/2024\/12\/vong-doi-tram-huong-108-hat-1.png\" alt=\"\" width=\"768\" height=\"1024\" srcset=\"https:\/\/mauwebsite.tamnguyen.vn\/hoaviet\/wp-content\/uploads\/2024\/12\/vong-doi-tram-huong-108-hat-1.png 768w, https:\/\/mauwebsite.tamnguyen.vn\/hoaviet\/wp-content\/uploads\/2024\/12\/vong-doi-tram-huong-108-hat-1-500x667.png 500w, https:\/\/mauwebsite.tamnguyen.vn\/hoaviet\/wp-content\/uploads\/2024\/12\/vong-doi-tram-huong-108-hat-1-225x300.png 225w\" sizes=\"auto, (max-width: 768px) 100vw, 768px\" \/> <img loading=\"lazy\" decoding=\"async\" class=\"alignnone size-full wp-image-1103\" src=\"https:\/\/hoavietco.net\/wp-content\/uploads\/2024\/12\/vong-doi-tram-huong-108-hat-2.png\" alt=\"\" width=\"768\" height=\"1024\" srcset=\"https:\/\/mauwebsite.tamnguyen.vn\/hoaviet\/wp-content\/uploads\/2024\/12\/vong-doi-tram-huong-108-hat-2.png 768w, https:\/\/mauwebsite.tamnguyen.vn\/hoaviet\/wp-content\/uploads\/2024\/12\/vong-doi-tram-huong-108-hat-2-500x667.png 500w, https:\/\/mauwebsite.tamnguyen.vn\/hoaviet\/wp-content\/uploads\/2024\/12\/vong-doi-tram-huong-108-hat-2-225x300.png 225w\" sizes=\"auto, (max-width: 768px) 100vw, 768px\" \/> <img loading=\"lazy\" decoding=\"async\" class=\"alignnone size-full wp-image-1104\" src=\"https:\/\/hoavietco.net\/wp-content\/uploads\/2024\/12\/vong-doi-tram-huong-108-hat-3.png\" alt=\"\" width=\"768\" height=\"1024\" srcset=\"https:\/\/mauwebsite.tamnguyen.vn\/hoaviet\/wp-content\/uploads\/2024\/12\/vong-doi-tram-huong-108-hat-3.png 768w, https:\/\/mauwebsite.tamnguyen.vn\/hoaviet\/wp-content\/uploads\/2024\/12\/vong-doi-tram-huong-108-hat-3-500x667.png 500w, https:\/\/mauwebsite.tamnguyen.vn\/hoaviet\/wp-content\/uploads\/2024\/12\/vong-doi-tram-huong-108-hat-3-225x300.png 225w\" sizes=\"auto, (max-width: 768px) 100vw, 768px\" \/><\/p>\n","protected":false},"excerpt":{"rendered":"<p><strong>V\u00f2ng \u0111\u00f4i tr\u1ea7m h\u01b0\u01a1ng<\/strong> l\u00e0 trang s\u1ee9c \u0111\u01b0\u1ee3c l\u00e0m t\u1eeb g\u1ed7 tr\u1ea7m h\u01b0\u01a1ng, lo\u1ea1i g\u1ed7 qu\u00fd hi\u1ebfm n\u1ed5i ti\u1ebfng v\u1edbi m\u00f9i h\u01b0\u01a1ng \u0111\u1eb7c bi\u1ec7t v\u00e0 c\u00f3 nhi\u1ec1u t\u00e1c d\u1ee5ng t\u1ed1t cho s\u1ee9c kh\u1ecfe. V\u00f2ng n\u00e0y th\u01b0\u1eddng \u0111\u01b0\u1ee3c \u01b0a chu\u1ed9ng kh\u00f4ng ch\u1ec9 v\u00ec gi\u00e1 tr\u1ecb trang s\u1ee9c m\u00e0 c\u00f2n v\u00ec l\u1ee3i \u00edch t\u00e2m linh v\u00e0 s\u1ef1 thanh t\u1ecbnh m\u00e0 n\u00f3 mang l\u1ea1i.<\/p>\n","protected":false},"featured_media":1103,"comment_status":"open","ping_status":"closed","template":"","meta":[],"product_cat":[36,33],"product_tag":[],"class_list":["post-1100","product","type-product","status-publish","has-post-thumbnail","hentry","product_cat-do-trang-suc","product_cat-thu-cong-my-nghe"],"_links":{"self":[{"href":"https:\/\/mauwebsite.tamnguyen.vn\/hoaviet\/wp-json\/wp\/v2\/product\/1100","targetHints":{"allow":["GET"]}}],"collection":[{"href":"https:\/\/mauwebsite.tamnguyen.vn\/hoaviet\/wp-json\/wp\/v2\/product"}],"about":[{"href":"https:\/\/mauwebsite.tamnguyen.vn\/hoaviet\/wp-json\/wp\/v2\/types\/product"}],"replies":[{"embeddable":true,"href":"https:\/\/mauwebsite.tamnguyen.vn\/hoaviet\/wp-json\/wp\/v2\/comments?post=1100"}],"wp:featuredmedia":[{"embeddable":true,"href":"https:\/\/mauwebsite.tamnguyen.vn\/hoaviet\/wp-json\/wp\/v2\/media\/1103"}],"wp:attachment":[{"href":"https:\/\/mauwebsite.tamnguyen.vn\/hoaviet\/wp-json\/wp\/v2\/media?parent=1100"}],"wp:term":[{"taxonomy":"product_cat","embeddable":true,"href":"https:\/\/mauwebsite.tamnguyen.vn\/hoaviet\/wp-json\/wp\/v2\/product_cat?post=1100"},{"taxonomy":"product_tag","embeddable":true,"href":"https:\/\/mauwebsite.tamnguyen.vn\/hoaviet\/wp-json\/wp\/v2\/product_tag?post=1100"}],"curies":[{"name":"wp","href":"https:\/\/api.w.org\/{rel}","templated":true}]}}