{"id":990,"date":"2024-12-30T09:41:01","date_gmt":"2024-12-30T09:41:01","guid":{"rendered":"https:\/\/hoavietco.net\/?post_type=product&#038;p=990"},"modified":"2024-12-30T09:41:28","modified_gmt":"2024-12-30T09:41:28","slug":"vong-tram-charm-ngoc","status":"publish","type":"product","link":"https:\/\/mauwebsite.tamnguyen.vn\/hoaviet\/vong-tram-charm-ngoc\/","title":{"rendered":"V\u00f2ng Tr\u1ea7m charm Ng\u1ecdc"},"content":{"rendered":"<p class=\"product_title entry-title\"><strong>V\u00f2ng Tr\u1ea7m charm Ng\u1ecdc<\/strong><\/p>\n<div dir=\"auto\">+ K\u00edch th\u01b0\u1edbc h\u1ea1t: 6li, 7li<\/div>\n<div dir=\"auto\">+ C\u1ea5u t\u1ea1o: H\u1ea1t tr\u1ea7m h\u01b0\u01a1ng tr\u00f2n mix Ng\u1ecdc Hoa Sen<\/div>\n<div dir=\"auto\">+ Th\u01b0\u01a1ng hi\u1ec7u: H\u01b0\u01a1ng Hoa Vi\u1ec7t<\/div>\n<div dir=\"auto\"><img loading=\"lazy\" decoding=\"async\" class=\"alignnone size-full wp-image-991\" src=\"https:\/\/hoavietco.net\/wp-content\/uploads\/2024\/12\/vong-tram-charm-ngoc.png\" alt=\"\" width=\"768\" height=\"1024\" srcset=\"https:\/\/mauwebsite.tamnguyen.vn\/hoaviet\/wp-content\/uploads\/2024\/12\/vong-tram-charm-ngoc.png 768w, https:\/\/mauwebsite.tamnguyen.vn\/hoaviet\/wp-content\/uploads\/2024\/12\/vong-tram-charm-ngoc-500x667.png 500w, https:\/\/mauwebsite.tamnguyen.vn\/hoaviet\/wp-content\/uploads\/2024\/12\/vong-tram-charm-ngoc-225x300.png 225w\" sizes=\"auto, (max-width: 768px) 100vw, 768px\" \/><\/div>\n<div dir=\"auto\">\n<div dir=\"auto\"><strong>C\u00f4ng d\u1ee5ng c\u1ee7a v\u00f2ng tay tr\u1ea7m h\u01b0\u01a1ng<\/strong><\/div>\n<div dir=\"auto\">&#8211; V\u00f2ng tay tr\u1ea7m h\u01b0\u01a1ng ch\u1ee9a \u0111\u1ef1ng tinh hoa \u0111\u1ea5t tr\u1eddi, xua tan \u0111i nh\u1eefng lu\u1ed3ng kh\u00ed u t\u1ed1i, mang l\u1ea1i b\u00ecnh y\u00ean, h\u1ea1nh ph\u00fac, s\u1ef1 nghi\u1ec7p th\u0103ng ti\u1ebfn cho ng\u01b0\u1eddi \u0111eo.<\/div>\n<div dir=\"auto\">\n<p>&#8211; H\u01b0\u01a1ng tr\u1ea7m c\u1ee7a v\u00f2ng tay tr\u1ea7m h\u01b0\u01a1ng d\u1ecbu nh\u1eb9, thoang tho\u1ea3ng khi\u1ebfn tinh th\u1ea7n thanh th\u1ea3n. Khi t\u00e2m th\u1ee9c ch\u1ea1m nh\u1eb9 v\u00e0o m\u00f9i tr\u1ea7m h\u01b0\u01a1ng, s\u1ef1 c\u0103ng th\u1eb3ng m\u1ec7t m\u1ecfi s\u1ebd \u0111\u01b0\u1ee3c r\u0169 b\u1ecf, gi\u00fap l\u1ea5y l\u1ea1i c\u00e2n b\u1eb1ng cu\u1ed9c s\u1ed1ng.<\/p>\n<div dir=\"auto\"><strong>H\u01b0\u1edbng d\u1eabn b\u1ea3o qu\u1ea3n<\/strong><\/div>\n<div dir=\"auto\">&#8211; H\u1ea1n ch\u1ebf \u0111\u1ec3 v\u00f2ng tr\u1ea7m h\u01b0\u01a1ng ng\u00e2m l\u00e2u trong n\u01b0\u1edbc v\u00ec n\u01b0\u1edbc s\u1ebd l\u00e0m g\u1ed7 b\u1ecb bi\u1ebfn t\u00ednh. N\u1ebfu l\u1ee1 d\u00ednh th\u00ec c\u00f3 th\u1ec3 d\u00f9ng kh\u0103n lau s\u01a1 l\u00e0 \u0111\u01b0\u1ee3c.<\/div>\n<div dir=\"auto\">&#8211; Kh\u00f4ng n\u00ean \u0111\u1ec3 v\u00f2ng ti\u1ebfp x\u00fac nhi\u1ec1u v\u1edbi ch\u1ea5t h\u00f3a h\u1ecdc, ch\u1ea5t t\u1ea9y r\u1eeda.<\/div>\n<div dir=\"auto\">\n<p>&#8211; Khi \u0111eo v\u00f2ng tr\u1ea7m h\u01b0\u01a1ng trong th\u1eddi gian d\u00e0i, b\u1ea1n n\u00ean v\u1ec7 sinh v\u00f2ng b\u1eb1ng c\u00e1ch d\u00f9ng kh\u0103n nh\u00fang n\u01b0\u1edbc \u1ea5m \u0111\u00e3 v\u1eaft s\u1ea1ch n\u01b0\u1edbc v\u00e0 lau v\u00f2ng \u0111\u1ec3 lo\u1ea1i b\u1edbt m\u1ed3 h\u00f4i, b\u1ee5i b\u1ea9n.<\/p>\n<div dir=\"auto\"><strong>Cam k\u1ebft c\u1ee7a H\u01b0\u01a1ng Hoa Vi\u1ec7t:<\/strong><\/div>\n<div dir=\"auto\">Cam k\u1ebft mang \u0111\u1ebfn nh\u1eefng s\u1ea3n ph\u1ea9m tr\u1ea7m h\u01b0\u01a1ng t\u1ef1 nhi\u00ean v\u1edbi m\u1ee9c gi\u00e1 ph\u00f9 h\u1ee3p v\u00ec t\u1ea5t c\u1ea3 nguy\u00ean li\u1ec7u v\u00e0 s\u1ea3n ph\u1ea9m c\u1ee7a Hoa Vi\u1ec7t \u0111\u1ec1u kh\u00f4ng qua trung gian, \u0111\u01b0\u1ee3c gia c\u00f4ng tr\u1ef1c ti\u1ebfp t\u1ea1i x\u01b0\u1edfng Hoa Vi\u1ec7t. V\u00ec th\u1ebf, s\u1ea3n ph\u1ea9m v\u00f2ng tay tr\u1ea7m h\u01b0\u01a1ng lu th\u1ed1ng, \u0111\u01b0\u1ee3c t\u1ea1o ra c\u00f3 m\u1ee9c gi\u00e1 t\u1ed1t v\u1edbi ch\u1ea5t l\u01b0\u1ee3ng \u0111\u1ea3m b\u1ea3o tuy\u1ec7t \u0111\u1ed1i.<\/div>\n<div dir=\"auto\"><\/div>\n<\/div>\n<\/div>\n<\/div>\n","protected":false},"excerpt":{"rendered":"<div dir=\"auto\">+ K\u00edch th\u01b0\u1edbc h\u1ea1t: 6li, 7li<\/div>\n<div dir=\"auto\">+ C\u1ea5u t\u1ea1o: H\u1ea1t tr\u1ea7m h\u01b0\u01a1ng tr\u00f2n mix Ng\u1ecdc Hoa Sen<\/div>\n<div dir=\"auto\">+ Th\u01b0\u01a1ng hi\u1ec7u: H\u01b0\u01a1ng Hoa Vi\u1ec7t<\/div>\n","protected":false},"featured_media":991,"comment_status":"open","ping_status":"closed","template":"","meta":[],"product_cat":[36,33],"product_tag":[],"class_list":["post-990","product","type-product","status-publish","has-post-thumbnail","hentry","product_cat-do-trang-suc","product_cat-thu-cong-my-nghe"],"_links":{"self":[{"href":"https:\/\/mauwebsite.tamnguyen.vn\/hoaviet\/wp-json\/wp\/v2\/product\/990","targetHints":{"allow":["GET"]}}],"collection":[{"href":"https:\/\/mauwebsite.tamnguyen.vn\/hoaviet\/wp-json\/wp\/v2\/product"}],"about":[{"href":"https:\/\/mauwebsite.tamnguyen.vn\/hoaviet\/wp-json\/wp\/v2\/types\/product"}],"replies":[{"embeddable":true,"href":"https:\/\/mauwebsite.tamnguyen.vn\/hoaviet\/wp-json\/wp\/v2\/comments?post=990"}],"wp:featuredmedia":[{"embeddable":true,"href":"https:\/\/mauwebsite.tamnguyen.vn\/hoaviet\/wp-json\/wp\/v2\/media\/991"}],"wp:attachment":[{"href":"https:\/\/mauwebsite.tamnguyen.vn\/hoaviet\/wp-json\/wp\/v2\/media?parent=990"}],"wp:term":[{"taxonomy":"product_cat","embeddable":true,"href":"https:\/\/mauwebsite.tamnguyen.vn\/hoaviet\/wp-json\/wp\/v2\/product_cat?post=990"},{"taxonomy":"product_tag","embeddable":true,"href":"https:\/\/mauwebsite.tamnguyen.vn\/hoaviet\/wp-json\/wp\/v2\/product_tag?post=990"}],"curies":[{"name":"wp","href":"https:\/\/api.w.org\/{rel}","templated":true}]}}